?
3
What is the units digit of 648442?
2
What is the hundreds digit of 1654456?
4
What is the thousands digit of 2119122?
9
What is the hundreds digit of 193028?
0
What is the thousands digit of 35724?
5
What is the ten thousands digit of 591537?
9
What is the tens digit of 812626?
2
What is the thousands digit of 831070?
1
What is the units digit of 590749?
9
What is the millions digit of 9615504?
9
What is the units digit of 408886?
6
What is the units digit of 20154586?
6
What is the ten thousands digit of 12494665?
9
What is the tens digit of 13315618?
1
What is the thousands digit of 21187?
1
What is the tens digit of 15202410?
1
What is the hundreds digit of 1210302?
3
What is the units digit of 14896763?
3
What is the tens digit of 4098900?
0
What is the tens digit of 53060?
6
What is the units digit of 3782102?
2
What is the tens digit of 804872?
7
What is the ten thousands digit of 480611?
8
What is the hundred thousands digit of 6833513?
8
What is the hundreds digit of 36593168?
1
What is the hundreds digit of 3827129?
1
What is the units digit of 1679448?
8
What is the tens digit of 34726376?
7
What is the units digit of 4821124?
4
What is the hundreds digit of 339265?
2
What is the ten thousands digit of 10806017?
0
What is the ten thousands digit of 3571862?
7
What is the tens digit of 173823?
2
What is the tens digit of 33822?
2
What is the millions digit of 3660306?
3
What is the ten thousands digit of 5177789?
7
What is the hundreds digit of 29806147?
1
What is the hundreds digit of 193728?
7
What is the millions digit of 12319854?
2
What is the units digit of 5784342?
2
What is the units digit of 2267457?
7
What is the hundred thousands digit of 13432713?
4
What is the ten thousands digit of 303968?
0
What is the thousands digit of 343960?
3
What is the units digit of 3360045?
5
What is the units digit of 256991?
1
What is the thousands digit of 10958005?
8
What is the units digit of 9872470?
0
What is the hundred thousands digit of 1177041?
1
What is the millions digit of 5458680?
5
What is the hundreds digit of 680608?
6
What is the ten thousands digit of 28882?
2
What is the tens digit of 47318?
1
What is the tens digit of 60628?
2
What is the units digit of 12600?
0
What is the millions digit of 19702369?
9
What is the hundreds digit of 2158963?
9
What is the hundred thousands digit of 974544?
9
What is the hundreds digit of 281513?
5
What is the tens digit of 672321?
2
What is the hundreds digit of 7421011?
0
What is the hundred thousands digit of 396179?
3
What is the units digit of 1038013?
3
What is the thousands digit of 1074373?
4
What is the ten thousands digit of 225067?
2
What is the thousands digit of 3025541?
5
What is the hundreds digit of 14123501?
5
What is the tens digit of 1063289?
8
What is the hundred thousands digit of 1314767?
3
What is the units digit of 3308809?
9
What is the ten thousands digit of 51293?
5
What is the units digit of 8592009?
9
What is the hundred thousands digit of 619788?
6
What is the hundred thousands digit of 154108?
1
What is the thousands digit of 229146?
9
What is the ten thousands digit of 145816?
4
What is the units digit of 183653?
3
What is the hundred thousands digit of 818872?
8
What is the units digit of 11730630?
0
What is the hundred thousands digit of 3387264?
3
What is the ten thousands digit of 445996?
4
What is the hundreds digit of 447586?
5
What is the thousands digit of 685157?
5
What is the units digit of 373729?
9
What is the hundreds digit of 518989?
9
What is the thousands digit of 3996695?
6
What is the tens digit of 5259283?
8
What is the hundreds digit of 81079?
0
What is the tens digit of 414614?
1
What is the units digit of 1063676?
6
What is the units digit of 1407508?
8
What is the hundreds digit of 152028?
0
What is the hundred thousands digit of 4258850?
2
What is the ten thousands digit of 122510?
2
What is the ten thousands digit of 93116?
9
What is the ten thousands digit of 6130790?
3
What is the thousands digit of 8545649?
5
What is the ten thousands digit of 19824707?
2
What is the tens digit of 797568?
6
What is the hundred thousands digit of 10106045?
1
What is the hundreds digit of 16693682?
6
What is the ten thousands digit of 1592830?
9
What is the units digit of 222839?
9
What is the millions digit of 11435942?
1
What is the hundred thousands digit of 2473849?
4
What is the hundred thousands digit of 26542483?
5
What is the tens digit of 4787822?
2
What is the hundreds digit of 2820991?
9
What is the hundred thousands digit of 130961?
1
What is the hundreds digit of 144601?
6
What is the hundreds digit of 6841551?
5
What is the hundred thousands digit of 3339715?
3
What is the tens digit of 139801?
0
What is the thousands digit of 944244?
4
What is the thousands digit of 546117?
6
What is the units digit of 286265?
5
What is the hundreds digit of 56843?
8
What is the units digit of 51640?
0
What is the tens digit of 33966496?
9
What is the tens digit of 17222791?
9
What is the hundreds digit of 719080?
0
What is the thousands digit of 9844280?
4
What is the thousands digit of 3888301?
8
What is the units digit of 8408738?
8
What is the tens digit of 415899?
9
What is the thousands digit of 1167747?
7
What is the hundreds digit of 212314?
3
What is the tens digit of 10657629?
2
What is the units digit of 694479?
9
What is the units digit of 344109?
9
What is the ten thousands digit of 15904?
1
What is the ten thousands digit of 14800379?
0
What is the hundreds digit of 78727?
7
What is the units digit of 9706572?
2
What is the hundreds digit of 3462931?
9
What is the hundreds digit of 1144870?
8
What is the thousands digit of 1643534?
3
What is the ten thousands digit of 169307?
6
What is the thousands digit of 301008?
1
What is the tens digit of 821855?
5
What is the thousands digit of 4213252?
3
What is the thousands digit of 11114466?
4
What is the units digit of 563703?
3
What is the ten thousands digit of 77676?
7
What is the ten thousands digit of 707872?
0
What is the hundreds digit of 131035?
0
What is the tens digit of 613431?
3
What is the ten thousands digit of 304856?
0
What is the ten thousands digit of 1723138?
2
What is the hundreds digit of 1716243?
2
What is the hundreds digit of 471100?
1
What is the thousands digit of 2295693?
5
What is the hundreds digit of 17290995?
9
What is the ten thousands digit of 695552?
9
What is the ten thousands digit of 4781554?
8
What is the tens digit of 173146?
4
What is the tens digit of 541336?
3
What is the ten thousands digit of 1758490?
5
What is the hundreds digit of 808747?
7
What is the hundreds digit of 7024092?
0
What is the millions digit of 1195288?
1
What is the units digit of 161765?
5
What is the ten thousands digit of 213685?
1
What is the ten thousands digit of 318290?
1
What is the ten thousands digit of 258869?
5
What is the millions digit of 3254470?
3
What is the tens digit of 5043827?
2
What is the hundreds digit of 437973?
9
What is the tens digit of 168913?
1
What is the hundred thousands digit of 929334?
9
What is the units digit of 39529?
9
What is the hundred thousands digit of 3568206?
5
What is the thousands digit of 1415146?
5
What is the thousands digit of 5534476?
4
What is the ten thousands digit of 122047?
2
What is the tens digit of 162118?
1
What is the thousands digit of 411240?
1
What is the hundreds digit of 40803835?
8
What is the tens digit of 1494058?
5
What is the units digit of 30375844?
4
What is the millions digit of 1090804?
1
What is the ten thousands digit of 530875?
3
What is the thousands digit of 221221?
1
What is the ten thousands digit of 349379?
4
What is the units digit of 150750?
0
What is the hundreds digit of 697111?
1
What is the ten thousands digit of 710918?
1
What is the units digit of 300220?
0
What is the hundreds digit of 147130?
1
What is the thousands digit of 428721?
8
What is the hundreds digit of 492823?
8
What is the ten thousands digit of 6468823?
6
What is the hundreds digit of 932085?
0
What is the hundreds digit of 5994070?
0
What is the tens digit of 2542620?
2
What is the units digit of 109009?
9
What is the units digit of 675783?
3
What is the hundreds digit of 13848?
8
What is the units digit of 464036?
